
7
What is the remainder when 68104 is divided by 3094?
36
Calculate the remainder when 558294 is divided by 274548.
9198
What is the remainder when 683565 is divided by 4093?
34
Calculate the remainder when 2161915 is divided by 1920.
1915
Calculate the remainder when 5086980 is divided by 987.
969
What is the remainder when 33052102 is divided by 8263023?
10
Calculate the remainder when 2108466 is divided by 1830.
306
Calculate the remainder when 4818685 is divided by 6835.
10
Calculate the remainder when 40511366 is divided by 20255680.
6
Calculate the remainder when 65097 is divided by 5787.
1440
What is the remainder when 44841525 is divided by 72?
69
What is the remainder when 3950 is divided by 1271?
137
Calculate the remainder when 142701 is divided by 23695.
531
Calculate the remainder when 76984124 is divided by 38492055.
14
Calculate the remainder when 3138127 is divided by 77.
69
What is the remainder when 2563780 is divided by 2149?
23
What is the remainder when 2465114 is divided by 93?
56
Calculate the remainder when 18402349 is divided by 1092.
1057
What is the remainder when 110451 is divided by 123?
120
Calculate the remainder when 749835 is divided by 1225.
135
Calculate the remainder when 8001443 is divided by 10.
3
What is the remainder when 18369688 is divided by 2041076?
4
Calculate the remainder when 1687908 is divided by 116.
108
Calculate the remainder when 157669 is divided by 4159.
3786
What is the remainder when 6467470 is divided by 104?
22
What is the remainder when 517777 is divided by 172345?
742
Calculate the remainder when 207333 is divided by 469.
35
What is the remainder when 206711 is divided by 68299?
1814
Calculate the remainder when 106182 is divided by 5942.
5168
Calculate the remainder when 7340399 is divided by 2833.
96
What is the remainder when 19321 is divided by 2112?
313
Calculate the remainder when 785852 is divided by 29104.
44
Calculate the remainder when 1668895 is divided by 3222.
3121
What is the remainder when 14280021 is divided by 14279890?
131
Calculate the remainder when 393995 is divided by 356.
259
Calculate the remainder when 112997954 is divided by 18665.
44
Calculate the remainder when 711475 is divided by 794.
51
What is the remainder when 15614339 is divided by 3164?
3163
What is the remainder when 119549544 is divided by 456?
24
What is the remainder when 2526703 is divided by 72146?
1593
Calculate the remainder when 16911 is divided by 3880.
1391
What is the remainder when 7344323 is divided by 333832?
19
Calculate the remainder when 6750319 is divided by 83337.
22
Calculate the remainder when 4437762 is divided by 21.
0
Calculate the remainder when 301134 is divided by 921.
888
Calculate the remainder when 2243572 is divided by 210.
142
Calculate the remainder when 10746083 is divided by 248.
243
Calculate the remainder when 780450 is divided by 199.
171
Calculate the remainder when 1747 is divided by 1745.
2
Calculate the remainder when 7175317 is divided by 79.
63
What is the remainder when 1071819699 is divided by 1850?
1849
What is the remainder when 250464 is divided by 7250?
3964
What is the remainder when 1628663 is divided by 2405?
478
What is the remainder when 15479246 is divided by 157?
145
Calculate the remainder when 550287862 is divided by 189.
187
Calculate the remainder when 275504 is divided by 391.
240
What is the remainder when 331596 is divided by 25485?
291
What is the remainder when 3072600 is divided by 341379?
189
What is the remainder when 184673570 is divided by 563?
562
Calculate the remainder when 20886214 is divided by 317.
35
Calculate the remainder when 220396 is divided by 220350.
46
What is the remainder when 128074 is divided by 1705?
199
Calculate the remainder when 32545069 is divided by 24054.
7
Calculate the remainder when 87258901 is divided by 727.
726
Calculate the remainder when 516903 is divided by 10.
3
What is the remainder when 2246886 is divided by 21?
12
What is the remainder when 3872678 is divided by 4717?
21
Calculate the remainder when 328800021 is divided by 439.
435
What is the remainder when 373414 is divided by 357?
349
What is the remainder when 52845471 is divided by 1947?
1944
What is the remainder when 103814 is divided by 2661?
35
What is the remainder when 136317 is divided by 537?
456
What is the remainder when 1471847 is divided by 735893?
61
Calculate the remainder when 110907339 is divided by 117.
114
Calculate the remainder when 2816779 is divided by 76129.
6
What is the remainder when 619579 is divided by 18221?
65
What is the remainder when 1626523 is divided by 813260?
3
What is the remainder when 23371335 is divided by 89?
24
What is the remainder when 14703 is divided by 344?
255
Calculate the remainder when 24778168 is divided by 98326.
16
What is the remainder when 378191 is divided by 1878?
713
Calculate the remainder when 88316 is divided by 1249.
886
Calculate the remainder when 2650040 is divided by 45.
35
Calculate the remainder when 16177520 is divided by 401.
378
Calculate the remainder when 7619153 is divided by 637.
633
Calculate the remainder when 178181 is divided by 102.
89
What is the remainder when 2755394 is divided by 58?
46
Calculate the remainder when 257980694 is divided by 72.
14
What is the remainder when 612311 is divided by 55662?
29
What is the remainder when 21248998 is divided by 300?
298
What is the remainder when 9308 is divided by 917?
138
Calculate the remainder when 1484963 is divided by 742331.
301
Calculate the remainder when 1792438 is divided by 768.
694
What is the remainder when 5092587 is divided by 109?
107
What is the remainder when 149986847 is divided by 1038?
1037
What is the remainder when 333434 is divided by 47626?
52
What is the remainder when 1169015 is divided by 450?
365
What is the remainder when 390619 is divided by 30037?
138
What is the remainder when 401414 is divided by 40046?
954
What is the remainder when 11811828 is divided by 51580?
8
Calculate the remainder when 1189717 is divided by 594850.
17
Calculate the remainder when 247888 is divided by 4207.
3882
What is the remainder when 826618 is divided by 122?
68
What is the remainder when 1309620 is divided by 152?
140
What is the remainder when 1421264 is divided by 1792?
208
Calculate the remainder when 23805596 is divided by 420.
416
Calculate the remainder when 532143 is divided by 199.
17
Calculate the remainder when 4743770 is divided by 1228.
6
Calculate the remainder when 48873868 is divided by 3711.
3709
What is the remainder when 36334 is divided by 1175?
1084
Calculate the remainder when 13351165 is divided by 22.
3
Calculate the remainder when 2811078 is divided by 234199.
690
Calculate the remainder when 1259477 is divided by 251892.
17
Calculate the remainder when 23283621 is divided by 102571.
4
What is the remainder when 249694 is divided by 1081?
1064
Calculate the remainder when 49368517 is divided by 240822.
7
What is the remainder when 75479610 is divided by 2833?
2824
Calculate the remainder when 1478849 is divided by 82158.
5
What is the remainder when 726361 is divided by 1275?
886
Calculate the remainder when 370165 is divided by 1259.
19
What is the remainder when 257589 is divided by 51?
39
What is the remainder when 15237 is divided by 2359?
1083
What is the remainder when 17237800 is divided by 15800?
0
What is the remainder when 616230574 is divided by 24?
22
Calculate the remainder when 128037475 is divided by 21339578.
7
Calculate the remainder when 12148580 is divided by 6074270.
40
What is the remainder when 486469 is divided by 5974?
2575
Calculate the remainder when 23325 is divided by 1934.
117
Calculate the remainder when 18432 is divided by 5719.
1275
Calculate the remainder when 277116552 is divided by 19.
13
What is the remainder when 2212517 is divided by 715?
307
What is the remainder when 37943969 is divided by 1444?
1425
What is the remainder when 1755694 is divided by 1196?
1162
Calculate the remainder when 1714166 is divided by 117.
116
What is the remainder when 2554 is divided by 941?
672
What is the remainder when 638060 is divided by 128?
108
What is the remainder when 19230924 is divided by 13?
11
What is the remainder when 17649242 is divi